ulate the highest common divisor of 200435 and 5.
5
What is the greatest common factor of 4151 and 154?
7
Calculate the highest common factor of 1600950 and 821.
821
What is the greatest common factor of 211 and 121325?
211
Calculate the greatest common divisor of 333 and 2875233.
111
Calculate the highest common divisor of 861 and 189.
21
What is the highest common divisor of 214221 and 105?
21
Calculate the greatest common divisor of 34328 and 1288.
56
What is the greatest common factor of 127856 and 610?
122
What is the highest common divisor of 125 and 173960?
5
What is the greatest common divisor of 1507304 and 232?
232
Calculate the greatest common divisor of 2867726 and 206.
206
What is the highest common factor of 1284 and 569026?
214
Calculate the highest common divisor of 349776 and 16.
16
What is the highest common factor of 860 and 5101520?
860
Calculate the highest common divisor of 1073 and 230579.
29
Calculate the greatest common factor of 105660 and 360.
180
What is the greatest common divisor of 490836 and 48?
12
Calculate the greatest common factor of 2245 and 60.
5
What is the greatest common factor of 715395 and 2109?
111
What is the greatest common divisor of 60 and 35300?
20
What is the greatest common factor of 68689 and 5532?
461
Calculate the highest common factor of 564 and 190914.
282
Calculate the highest common divisor of 275 and 4375.
25
Calculate the greatest common divisor of 905356 and 452.
452
What is the greatest common factor of 749623 and 7?
7
Calculate the highest common divisor of 141 and 154677.
141
What is the greatest common factor of 5624 and 93328?
152
Calculate the greatest common factor of 12133 and 253.
11
What is the greatest common factor of 32 and 191096?
8
What is the greatest common divisor of 1928 and 1446?
482
What is the highest common divisor of 16672 and 135981?
521
What is the greatest common factor of 119733 and 321?
321
Calculate the highest common divisor of 3606 and 647878.
1202
What is the highest common divisor of 492 and 23042?
82
Calculate the highest common factor of 1143705 and 171.
57
Calculate the greatest common factor of 160 and 4805.
5
What is the greatest common divisor of 2960 and 52096?
592
Calculate the highest common divisor of 85 and 1309.
17
What is the highest common divisor of 374607 and 2889?
963
Calculate the greatest common factor of 2704 and 483002.
338
What is the highest common factor of 3157 and 16687?
451
What is the highest common factor of 4740 and 1935?
15
Calculate the highest common factor of 55136 and 32.
32
Calculate the highest common factor of 64190 and 2898.
14
Calculate the highest common divisor of 490 and 7084.
14
What is the highest common factor of 947 and 2?
1
Calculate the highest common factor of 1775 and 4790725.
1775
Calculate the greatest common factor of 4402 and 32426.
62
Calculate the highest common divisor of 145 and 727668.
29
Calculate the highest common factor of 3834 and 631758.
426
Calculate the greatest common divisor of 85671 and 2004.
501
What is the greatest common divisor of 14507 and 356?
89
Calculate the highest common factor of 233272 and 598.
26
What is the highest common factor of 6625045 and 490?
245
What is the highest common factor of 4 and 10562?
2
Calculate the highest common divisor of 259 and 103117.
7
Calculate the highest common factor of 576 and 89766.
18
What is the greatest common divisor of 28632 and 336?
24
What is the greatest common factor of 19877 and 7579?
143
What is the greatest common factor of 364 and 19136?
52
Calculate the greatest common divisor of 160 and 1081856.
32
Calculate the greatest common factor of 630 and 330960.
210
Calculate the highest common divisor of 52 and 262652.
52
Calculate the greatest common divisor of 256618 and 186.
62
What is the greatest common divisor of 59 and 145789?
59
What is the greatest common factor of 140 and 1580?
20
Calculate the greatest common divisor of 580 and 640.
20
Calculate the greatest common factor of 204815 and 325.
65
What is the greatest common divisor of 466 and 234398?
466
Calculate the greatest common divisor of 3234218 and 52.
26
Calculate the highest common factor of 80993 and 12210.
407
What is the highest common divisor of 154 and 2101?
11
Calculate the greatest common factor of 1920 and 510.
30
Calculate the greatest common divisor of 4525344 and 7296.
1824
Calculate the greatest common divisor of 308 and 299464.
44
What is the highest common divisor of 60504 and 1176?
24
What is the highest common divisor of 1314 and 3249522?
1314
What is the greatest common factor of 3696 and 115836?
84
Calculate the highest common divisor of 28798 and 1540.
154
What is the greatest common factor of 63 and 25760?
7
What is the highest common divisor of 105057 and 108?
27
What is the highest common divisor of 1932 and 211416?
276
Calculate the highest common divisor of 181918 and 22.
22
What is the greatest common factor of 69195 and 168?
21
What is the greatest common divisor of 364 and 419783?
91
What is the greatest common factor of 70 and 65338?
14
What is the greatest common factor of 43 and 5?
1
What is the greatest common factor of 59760 and 6?
6
Calculate the highest common factor of 80 and 721710.
10
Calculate the greatest common factor of 125048 and 4774.
154
Calculate the highest common factor of 465528 and 978.
978
What is the highest common factor of 11911 and 344?
43
What is the highest common factor of 1118 and 14620?
86
What is the highest common divisor of 17052 and 78204?
588
Calculate the greatest common factor of 105 and 997325.
35
Calculate the greatest common divisor of 11799 and 2898.
207
Calculate the highest common factor of 6939 and 10359.
9
Calculate the highest common factor of 208 and 1525264.
208
Calculate the greatest common factor of 774 and 927.
9
Calculate the highest common factor of 716 and 400423.
179
Calculate the greatest common factor of 532 and 5016627.
133
What is the greatest common factor of 20 and 16685?
5
What is the greatest common factor of 4233 and 1649?
17
What is the highest common factor of 278113 and 655?
131
Calculate the highest common divisor of 232572 and 12.
12
What is the highest common divisor of 216 and 632?
8
Calculate the highest common factor of 5110079 and 26.
13
What is the highest common divisor of 300 and 42164?
4
Calculate the highest common factor of 4012 and 16756.
236
Calculate the highest common divisor of 270 and 2406.
6
What is the highest common factor of 16 and 86408?
8
Calculate the highest common divisor of 7692 and 4860.
12
What is the highest common factor of 980 and 15696?
4
What is the highest common divisor of 16119 and 1863?
81
What is the highest common divisor of 90 and 24246?
18
What is the greatest common factor of 1115 and 7427015?
1115
What is the greatest common factor of 924 and 137984?
308
What is the highest common divisor of 371163 and 806?
403
What is the greatest common divisor of 147 and 81?
3
Calculate the highest common divisor of 3672 and 272.
136
Calculate the greatest common factor of 49343 and 25137.
931
Calculate the greatest common factor of 201262 and 927.
103
What is the greatest common divisor of 552 and 11776?
184
What is the greatest common factor of 27 and 869157?
27
What is the highest common factor of 639 and 59214?
213
What is the greatest common factor of 161 and 381202?
23
Calculate the highest common factor of 2213 and 1.
1
What is the greatest common divisor of 34484 and 111?
37
What is the highest common divisor of 870 and 5850?
30
What is the highest common divisor of 1076 and 72899?
269
Calculate the greatest common factor of 239744 and 80.
16
Calculate the greatest common divisor of 401 and 72581.
401
Calculate the highest common divisor of 614061 and 189.
189
Calculate the highest common factor of 4282 and 64.
2
What is the highest common divisor of 18212 and 348?
116
Calculate the highest common factor of 548816 and 16.
16
Calculate the highest common divisor of 111408 and 2352.
48
What is the greatest common factor of 4026 and 2706?
66
What is the highest common divisor of 486 and 40212?
18
Calculate the highest common factor of 704815 and 6205.
365
What is the highest common divisor of 56 and 66500?
28
What is the highe